nvert -10100000001101000010 (base 2) to base 9.
-1210114
-2fb48 (base 16) to base 7
-1442452
Convert -25b1a (base 16) to base 5.
-14420034
Convert 2a56093 (base 11) to base 5.
2320004200
Convert -111111111001100100 (base 2) to base 9.
-438023
-5c12c0 (base 13) to base 14
-41461a
What is -110101010110001110 (base 2) in base 13?
-785c6
What is aa2694 (base 11) in base 16?
1adc9b
Convert 733022 (base 8) to base 11.
156808
143402222 (base 5) to base 4
2322032330
What is -ca4bc3 (base 14) in base 6?
-402503115
What is 26148474 (base 9) in base 12?
4376104
Convert -12963 (base 16) to base 9.
-125380
119595 (base 11) to base 9
316361
What is -213260 (base 7) in base 2?
-1001000101000000
What is -114340312 (base 5) in base 11?
-341135
Convert 1ca77 (base 16) to base 13.
41563
What is -22a440 (base 13) in base 11?
-511982
Convert 34334560 (base 7) to base 5.
1232004013
Convert -656237 (base 9) to base 12.
-16a7b1
What is 123413 (base 5) in base 12?
298a
565251 (base 7) to base 3
12002120110
-2198121 (base 10) to base 6
-115040253
Convert 20441665 (base 7) to base 13.
484c99
Convert -62237 (base 10) to base 16.
-f31d
Convert -13330220 (base 5) to base 9.
-226875
What is 6214202 (base 7) in base 14?
154ca9
What is 214a159 (base 12) in base 9?
12804086
Convert f641a (base 16) to base 3.
1220020122000
What is 13b5a5a (base 12) in base 9?
7421727
1110002201 (base 3) to base 16
6f58
-58331 (base 16) to base 15
-72095
What is -77390 (base 11) in base 9?
-181000
-216000 (base 8) to base 12
-360a8
What is fed5d9 (base 16) in base 2?
111111101101010111011001
Convert -1403301 (base 6) to base 15.
-183e7
Convert 1201230121 (base 4) to base 14.
a5b85
Convert 7a24901 (base 11) to base 14.
1c19309
1266665 (base 7) to base 2
101001000010000100
6bb63 (base 13) to base 9
330784
-2332332 (base 4) to base 9
-17680
What is -2122000202 (base 4) in base 14?
-125c66
What is 667267 (base 8) in base 7?
1624556
What is 699496 (base 13) in base 10?
2505379
Convert -ab855 (base 12) to base 4.
-313210001
What is 1a60481 (base 13) in base 6?
510420450
18bb42 (base 12) to base 10
435362
Convert -715564 (base 8) to base 16.
-39b74
What is -199920 (base 14) in base 8?
-3361350
1487816 (base 12) to base 15
572ae6
What is 1380211 (base 10) in base 9?
2533257
Convert -1d28e (base 15) to base 16.
-1736c
Convert -270bd (base 15) to base 16.
-1e87d
Convert 538491 (base 10) to base 14.
100359
What is -33110301321 (base 4) in base 16?
-3d4c79
-37a99a0 (base 13) to base 7
-300532353
Convert -3470554 (base 8) to base 5.
-220242130
Convert -202132121 (base 4) to base 15.
-2bc8e
What is -3a343 (base 11) in base 15?
-1212d
Convert -36496 (base 10) to base 14.
-d42c
Convert -253462 (base 9) to base 3.
-21210112002
What is -36204 (base 11) in base 6?
-1041243
What is -20d5f (base 16) in base 5?
-13300440
3132130003 (base 4) to base 10
911107
Convert 15acad (base 14) to base 7.
6313206
Convert -327145 (base 8) to base 13.
-3b1c6
Convert 26063655 (base 7) to base 13.
64c236
What is -101001101110 (base 2) in base 5?
-41140
What is 15d27 (base 15) in base 7?
412300
What is -20210021000012 (base 3) in base 15?
-4b3b82
207bc5 (base 14) to base 16
10bde1
45342525 (base 6) to base 7
14514431
Convert -113353 (base 6) to base 9.
-14466
What is 4282234 (base 9) in base 11?
132a582
What is 111934 (base 15) in base 3?
1112102120211
What is -b1ce (base 16) in base 13?
-17945
Convert 11111000100000110001 (base 2) to base 5.
230033110
Convert -7ac68 (base 13) to base 15.
-46591
Convert -367857 (base 9) to base 10.
-222316
Convert 373959 (base 13) to base 7.
14144130
Convert -5124326 (base 7) to base 8.
-2252101
12444862 (base 9) to base 16
5d42a7
What is 4226 (base 11) in base 16?
15da
What is -1546012 (base 10) in base 12?
-626824
Convert -4ac683 (base 14) to base 9.
-4745834
ca4735 (base 13) to base 10
4751141
-333054 (base 8) to base 2
-11011011000101100
What is -34114301 (base 5) in base 16?
-49891
-39655 (base 15) to base 14
-4ad20
Convert -42401134 (base 5) to base 15.
-70914
What is -2400112144 (base 5) in base 6?
-313145011
What is -a5739 (base 14) in base 11?
-253003
-103432510 (base 6) to base 5
-433331234
What is 50116 (base 7) in base 15?
3897
-10012201011 (base 3) to base 12
-306b7
5b46b (base 12) to base 6
2351015
a4532 (base 13) to base 3
120000001110
-4206118 (base 9) to base 5
-1033421314
-14225000 (base 6) to base 13
-140160
171330 (base 9) to base 14
2a899
Convert -6a56057 (base 11) to base 3.
-212011222102010
What is 152311455 (base 6) in base 11?
1894474
Convert -1110110001111101010 (base 2) to base 8.
-1661752
What is 6392 (base 16) in base 11?
18173
-1073b6a (base 14) to base 9
-15621748
What is 6517145 (base 8) in base 5?
421310420
136021 (base 8) to base 10
48145
What is -153377 (base 8) in base 5?
-3230124
Convert -230855 (base 15) to base 4.
-12120110321
Convert -42b37c (base 13) to base 16.
-17e95f
What is 8357e4 (base 15) in base 10?
6245539
-10375 (base 9) to base 16
-1ad8
136b024 (base 13) to base 15
813236
What is -1484011 (base 9) in base 10?
-823051
Convert -11202525 (base 6) to base 11.
-214592
Convert 1110011110110111100 (base 2) to base 15.
95921
What is -279298 (base 10) in base 14?
-73adc
Convert 2431002 (base 6) to base 13.
46664
Convert 320011324 (base 5) to base 9.
2444886
Convert -573920b (base 12) to base 8.
-77712353
Convert -90243a (base 12) to base 7.
-25033003
What is 53051 (base 14) in base 15?
3e58d
Convert -116d3d6 (base 15) to base 13.
-2787b82
2112011002 (base 3) to base 15
eac2
What is -22012220100 (base 4) in base 7?
-31340562
What is 10111001100100010001101 (base 2) in base 8?
27144215
-47182 (base 13) to base 9
-217161
Convert -dd8c15 (base 14) to base 16.
-72ad33
Convert -222111102111 (base 3) to base 16.
-7f549
Convert -10b20 (base 15) to base 14.
-15510
What is 250164 (base 7) in base 14?
12934
What is -1421323 (base 5) in base 10?
-29588
What is -431224 (base 7) in base 5?
-4344030
-17512337 (base 8) to base 11
-2351444
What is 110120100002 (base 3) in base 10?
247376
Convert -411013114 (base 5) to base 8.
-6244704
Convert 132d78 (base 16) to base 13.
3500aa
What is 57c20 (base 14) in base 5?
23314133
What is 2e6db (base 15) in base 3?
21121211122
-247612 (base 8) to base 3
-11100211102
Convert 5772456 (base 10) to base 9.
11767280
What is -2a7800 (base 12) in base 15?
-e2c4c
What is -201021331 (base 4) in base 9?
-226254
Convert -454640 (base 8) to base 12.
-75168
Convert 206455066 (base 7) to base 3.
212011202001101
-3068b (base 13) to base 4
-111030130
-13425750 (base 8) to base 11
-1787445
What is 10021222 (base 3) in base 5?
34102
Convert 2133515 (base 8) to base 6.
20124301
-657ba (base 13) to base 14
-4ad27
What is 47852 (base 9) in base 14?
b96a
16a274 (base 11) to base 12
107b16
Convert -11010000001001111 (base 2) to base 9.
-172166
Convert 15ac32 (base 15) to base 11.
657144
268b4cd (base 14) to base 10
18624493
-3cb8a5 (base 13) to base 15
-1e42ca
Convert 156d0 (base 14) to base 6.
1051354
What is -1242524 (base 7) in base 6?
-3245052
-470d1e (base 15) to base 7
-40566314
1788736 (base 9) to base 7
11350152
-740637 (base 8) to base 6
-5135411
What is 59cd8 (base 15) in base 9?
475775
Convert -3abb5 (base 12) to base 5.
-10044314
Convert 355124 (base 6) to base 10.
30940
5345d (base 14) to base 12
9850b
Convert -5244466 (base 9) to base 13.
-772896
What is -121211303132 (base 4) in base 3?
-110121211020222
-163423520 (base 7) to base 11
-6313975
Convert -121443 (base 11) to base 10.
-192195
1b9594 (base 15) to base 10
1347889
Convert -50edee (base 16) to base 13.
-113914b
Convert -205a6d (base 14) to base 6.
-35220521
-1330412 (base 12) to base 8
-16364516
What is -2567c5 (base 16) in base 13?
-67aa40
Convert 203021201 (base 4) to base 10.
143969
1aaa7 (base 13) to base 3
2122211012
-13f6ef (base 16) to base 8
-4773357
What is 102652 (base 7) in base 8?
42640
What is 85123 (base 13) in base 4?
322200313
What is 4009615 (base 12) in base 5?
11030212434
-104404431 (base 5) to base 7
-3651206
124104233 (base 5) to base 16
95acc
-15354241 (base 6) to base 7
-4423651
-155515235 (base 6) to base 2
-1100110010110101000111
Convert -1222000002000 (base 3) to base 16.
-feb35
-211212333 (base 4) to base 15
-3099c
Convert -1600033 (base 9) to base 14.
-